397. Let h = 702 + k. What are the prime factors of h?
2, 137
Suppose -3*d = -c - 12, 2*c + 1 = 4*d - 15. Suppose 20 = 3*p + 2*a, -p + d*a - 8 = p. Suppose z = -2*l + 4*l - 21, p*l - 21 = -5*z. List the prime factors of l.
3
Let s be 30/4*(-5 + 3). Let t = s + 10. List the prime factors of ((-6)/t)/((-6)/(-80)).
2
Let b = 1257 - 432. List the prime factors of b.
3, 5, 11
Let s = -23 + 59. What are the prime factors of ((-182)/(-8))/(9/s)?
7, 13
Let i be 2762/8 - (-1)/(-4). Suppose 2*v - i = -v. Suppose -5*p + k + v = 0, -2*p + 44 + 14 = 2*k. What are the prime factors of p?
2, 3
Suppose -3*s - 2964 = -3*h, -20*s = -5*h - 23*s + 4956. List the prime factors of h.
2, 3, 5, 11
Suppose 4222 = 21*w - 4640. List the prime factors of w.
2, 211
Let i be 318/8 + (-15)/20. List the prime factors of (-2 - (2 + -2)) + i.
37
Let g(v) = 6*v**2 - 11 - v**2 - v**2 + 3*v**2 - v**3 + 10*v. Let z be g(8). Suppose 2*x - 34 = -0*x - z*p, -x - 2*p = -18. List the prime factors of x.
2, 11
Suppose -31*y + 33*y = 62. Let t = y - -18. List the prime factors of t.
7
Let k = 3792 + -2611. List the prime factors of k.
1181
Suppose -5*m + 939 = y, 0 = 3*y + 2*m - 6*m - 2836. List the prime factors of y.
2, 59
Let q be (3 + 4/(-1))*0 - -100. List the prime factors of (0 - (-15)/(-2))/((-10)/q).
3, 5
What are the prime factors of 6078/15 + (-3)/15*1?
3, 5
Suppose 3*d - 5722 = 4*t, d - 3*t - 1899 = -0*t. What are the prime factors of d?
2, 3, 11, 29
Suppose -4*i + 4*j = -12, -i - 1 - 1 = 4*j. What are the prime factors of i/(12/1510) - (-6)/(-9)?
251
Suppose 866*z + 29000 = 876*z. What are the prime factors of z?
2, 5, 29
Let m(s) = 7*s - 120. What are the prime factors of m(21)?
3
Let b(f) be the first derivative of f**2/2 + 7*f - 4. Let j be b(-4). Suppose j*s + q = 15, 6*q + 5 = s + 2*q. List the prime factors of s.
5
Let a = 48 + -9. Let j = a + 28. What are the prime factors of j?
67
Suppose 0 = -2*a + 7*a + 25, g - 5*a = 46. Let s be 60*2*1/(-4). List the prime factors of 7*-1*s/g.
2, 5
Let c(a) = -8*a - 38. What are the prime factors of c(-9)?
2, 17
Suppose -o + 5*p = -3, -o - 2*o + 49 = 5*p. Let n = 61 - 39. Let x = n - o. What are the prime factors of x?
3
Let r(m) = 6*m**3 + 8*m - 84. What are the prime factors of r(9)?
2, 3, 727
Let v(r) = 4*r - 3*r + r + 2*r + 2*r**2. What are the prime factors of v(5)?
2, 5, 7
Suppose -17*m - 48 = -5*m. List the prime factors of (630/75)/(1/5) + m.
2, 19
Let c(s) = s**3 + 5*s**2 - 6*s + 4. Let z be c(-6). Let y be 3/6*(0 + z). Suppose y*q - j - 47 = 0, j - 2 = 3*q - 71. What are the prime factors of q?
2, 11
Let u(c) = -19*c - 12. Suppose -2*w - 17 = 3*b, -5*w + 0*b + b - 68 = 0. List the prime factors of u(w).
5, 47
Let r(h) = -2*h**2 + 15*h. Suppose b + 2*u = 11, 4*u = u + 6. What are the prime factors of r(b)?
7
Suppose -2*p + 7 = -9*p. List the prime factors of ((-5)/(15/309))/p.
103
Let r(x) = -x + 9. Let y be r(0). Let n be 4/(-18) - (-65)/y. Suppose -n*j = -2*j - 120. What are the prime factors of j?
2, 3
Let l be (47/15 + 14/(-105))/1. What are the prime factors of 14 + -7 - -158 - 1*l?
2, 3
Suppose -63 = -4*p - 5*x - 313, -66 = p + 3*x. Let v = -15 - p. List the prime factors of v.
3, 5
Let i = -228 + 995. List the prime factors of i.
13, 59
Suppose 244 = -8*a + 4*a. Let s = 93 + a. What are the prime factors of s?
2
Suppose 25*g - 16629 = 2*g. List the prime factors of g.
3, 241
Let b(j) = 11*j - 12. Suppose -4*u - 3*i + 29 = -4*i, 0 = 5*u + 3*i - 32. What are the prime factors of b(u)?
5, 13
Let o(w) = -16*w + 70. List the prime factors of o(-38).
2, 3, 113
Let k be (-16 - 0)/(3/(-6)). Let d = k + -17. Suppose -6*p + 11*p - d = 0. What are the prime factors of p?
3
What are the prime factors of (-15)/(-3) - 3*(-2085)/9?
2, 5, 7
Let t(y) = y**2 + 4*y - 3. Let i be t(-6). Let c be 3/i*(-1 - -7). Suppose n = c*n - 39. List the prime factors of n.
3, 13
Suppose 4*j = 2*m - 8, -4*j - 12 = -5*m - 4. Let q = j - -37. Suppose -5*b + 85 = q. List the prime factors of b.
2, 5
What are the prime factors of 2*(16730/36 - 8/36)?
929
Let t(q) = 13*q - 5. Let j be t(4). Let b = -17 + j. Suppose y + y - b = 0. What are the prime factors of y?
3, 5
Let u = -446 + 843. What are the prime factors of u?
397
Suppose -3*x + 1213 = u, -x - 2*x - 4837 = -4*u. List the prime factors of u.
2, 5, 11
Suppose 5 = -5*t, -4*d - 3*t + 19 = -6*t. Suppose 26 = d*n - 106. List the prime factors of n.
3, 11
Let v(h) be the third derivative of 3*h**4/8 - 17*h**3/6 + 6*h**2. What are the prime factors of v(8)?
5, 11
Let g = 29 + -25. Suppose -z + 21 + g = 0. List the prime factors of z.
5
Let j = 158 + -89. List the prime factors of j.
3, 23
Let m be ((-4)/(-10) - 16/(-10))*-6. What are the prime factors of ((-160)/24)/(2*1/m)?
2, 5
Let s(p) = -7*p**2 + 161 - 2*p**2 - p**3 + 8*p**2. What are the prime factors of s(0)?
7, 23
Suppose -5*z + 2744 = 499. What are the prime factors of z?
449
Suppose -3*b - 648 = -2019. What are the prime factors of b?
457
Let h(m) = -m**2 + 7*m - 8. Let p be h(5). Suppose -4*k + 4 = d, -5*d + p*k - 1 = 1. Suppose -4*n - 5*z + 0*z = -154, d = 2*z - 4. List the prime factors of n.
2, 3
Suppose 15*o - 6 = 12*o. Let p(k) = -4*k**3 + 3*k**2 + k - 2. Let q be p(o). What are the prime factors of (-6)/(-4)*q/(-10)?
3
Let m be 7 - (-5 + (-30)/(-3)). Suppose -3*k - 138 = -4*k + 5*u, -m*k + 4*u = -276. What are the prime factors of k?
2, 3, 23
Let y be (-1)/3 - (22/6)/(-11). Let f be (1 - 26/14)*-7. Suppose y = 4*w - 14 - f. What are the prime factors of w?
5
Let z be 7/((-28)/12) - -3. Suppose z = -6*j + 8*j + 1012. List the prime factors of (-2)/(-5) + j/(-10).
3, 17
Let s(l) = -l**3 + 15*l**2 + 9*l - 9. Let t be (7 + -1)*-20*3/(-24). List the prime factors of s(t).
2, 3, 7
Suppose 0 = 90*a - 94*a + 8. Suppose -2*l + 0*v - a*v + 38 = 0, -3*l + 3*v = -87. What are the prime factors of l?
2, 3
List the prime factors of (-9 + 608 - 0) + -4.
5, 7, 17
Suppose -5*s = -4*s + 1, -4*t - 2*s + 1838 = 0. What are the prime factors of t?
2, 5, 23
Let r(l) = 1191*l**2 + 8*l - 10. List the prime factors of r(-2).
2, 23, 103
Let c = 3105 - 2218. What are the prime factors of c?
887
Let f = 1270 + -742. List the prime factors of f.
2, 3, 11
Let c = -1088 + 1094. Let k be (2/4)/(1/(-4)). List the prime factors of (-28)/k + c/(-2).
11
Let j be (1/(-1))/(((-39)/(-27))/13). Let v(l) be the first derivative of l**3/3 + 5*l**2/2 + 11*l - 1. What are the prime factors of v(j)?
47
Let m(f) = -4*f**2 + 9. Let j(v) = -3*v**2 + 8. Let a = -11 + 6. Let d(s) = a*m(s) + 6*j(s). What are the prime factors of d(4)?
5, 7
Suppose -4*i + p = 35, 4*i + 3*p = -19 - 36. Let n(x) = -x**3 - 10*x**2 - 13*x + 9. What are the prime factors of n(i)?
139
Let u be 2 - (1 - 2 - 129). Let p(v) = v**3 - 27*v**2 - 28*v - 75. Let x be p(28). Let y = x + u. What are the prime factors of y?
3, 19
Suppose -16*p + 3273 = -10599. List the prime factors of p.
3, 17
Suppose -4*h - 4*o + 1648 = 0, -4*h + 5*o = -592 - 1029. What are the prime factors of h?
409
List the prime factors of ((-16)/(-10))/(99/14355).
2, 29
Let s = -15 + 4. Let j(z) = 2*z**3 + 10*z**2 + 5*z + 1. Let w be j(-4). Let m = s + w. List the prime factors of m.
2
Suppose 7*y + 141 = 10*y. Let n = y + -32. What are the prime factors of n?
3, 5
Suppose -2*q + 2074 = -1020. Let z be 2/8 - q/28. Let h = 81 + z. List the prime factors of h.
2, 13
Suppose -p = 3*f - 13, -2*f + 1 + 17 = -4*p. Suppose 3 = 3*l - 3. List the prime factors of (-2)/(l - p)*-34.
17
Suppose 51*r + 12792 = 59*r. List the prime factors of r.
3, 13, 41
Suppose -8*z + 4*z = 20. What are the prime factors of (z/5 - 2) + 91?
2, 11
Let j(w) = -11*w**3 + 13*w**2 - 2*w - 303. Let b(r) = 5*r**3 - 6*r**2 + r + 151. Let k(p) = 9*b(p) + 4*j(p). What are the prime factors of k(0)?
3, 7
Suppose 7*p - 2664 = 3405. List the prime factors of p.
3, 17
Suppose -8*w + 5453 = -467. List the prime factors of w.
2, 5, 37
What are the prime factors of (-1460)/(-3) + (-2)/(-6)?
487
Suppose 4 = -3*d + 10. Let y be -2 - (d - (1 + 2)). List the prime factors of (-1)/(y + 12/15).
5
Let v = -644 + 2764. What are the prime factors of v?
2, 5, 53
Suppose -21 + 0 = -3*n. Suppose t + 10 = 4*r, t + 4*r = n + 7. Suppose 5*x + 3*d - 26 = 196, t*d - 178 = -4*x. What are the prime factors 